{"id":1922,"date":"2024-06-30T20:46:47","date_gmt":"2024-06-30T18:46:47","guid":{"rendered":"https:\/\/lautreentravers.fr\/?page_id=1922"},"modified":"2025-01-09T10:15:09","modified_gmt":"2025-01-09T09:15:09","slug":"rumeur-stephanie-querite-el-tat-thomas-hemery-clip-video-tom-galdeano","status":"publish","type":"page","link":"https:\/\/lautreentravers.fr\/index.php\/rumeur-stephanie-querite-el-tat-thomas-hemery-clip-video-tom-galdeano\/","title":{"rendered":"Rumeur St\u00e9phanie Qu\u00e9rit\u00e9 El Tat Thomas H\u00e9mery clip vid\u00e9o Tom Galdeano"},"content":{"rendered":"\t\t<div data-elementor-type=\"wp-page\" data-elementor-id=\"1922\" class=\"elementor elementor-1922\">\n\t\t\t\t<div class=\"elementor-element elementor-element-e668afd e-flex e-con-boxed wpr-particle-no wpr-jarallax-no wpr-parallax-no wpr-sticky-section-no wpr-equal-height-no e-con e-parent\" data-id=\"e668afd\" data-element_type=\"container\" data-e-type=\"container\">\n\t\t\t\t\t<div class=\"e-con-inner\">\n\t\t\t\t<div class=\"elementor-element elementor-element-42058fa elementor-widget elementor-widget-spacer\" data-id=\"42058fa\" data-element_type=\"widget\" data-e-type=\"widget\" data-widget_type=\"spacer.default\">\n\t\t\t\t<div class=\"elementor-widget-container\">\n\t\t\t\t\t\t\t<div class=\"elementor-spacer\">\n\t\t\t<div class=\"elementor-spacer-inner\"><\/div>\n\t\t<\/div>\n\t\t\t\t\t\t<\/div>\n\t\t\t\t<\/div>\n\t\t\t\t\t<\/div>\n\t\t\t\t<\/div>\n\t\t<div class=\"elementor-element elementor-element-070d099 e-flex e-con-boxed wpr-particle-no wpr-jarallax-no wpr-parallax-no wpr-sticky-section-no wpr-equal-height-no e-con e-parent\" data-id=\"070d099\" data-element_type=\"container\" data-e-type=\"container\">\n\t\t\t\t\t<div class=\"e-con-inner\">\n\t\t\t\t<div class=\"elementor-element elementor-element-a07c658 elementor-widget elementor-widget-video\" data-id=\"a07c658\" data-element_type=\"widget\" data-e-type=\"widget\" data-settings=\"{&quot;youtube_url&quot;:&quot;https:\\\/\\\/youtu.be\\\/exgnrtudbus&quot;,&quot;video_type&quot;:&quot;youtube&quot;,&quot;controls&quot;:&quot;yes&quot;}\" data-widget_type=\"video.default\">\n\t\t\t\t<div class=\"elementor-widget-container\">\n\t\t\t\t\t\t\t<div class=\"elementor-wrapper elementor-open-inline\">\n\t\t\t<div class=\"elementor-video\"><\/div>\t\t<\/div>\n\t\t\t\t\t\t<\/div>\n\t\t\t\t<\/div>\n\t\t\t\t\t<\/div>\n\t\t\t\t<\/div>\n\t\t<div class=\"elementor-element elementor-element-1e1effb e-flex e-con-boxed wpr-particle-no wpr-jarallax-no wpr-parallax-no wpr-sticky-section-no wpr-equal-height-no e-con e-parent\" data-id=\"1e1effb\" data-element_type=\"container\" data-e-type=\"container\">\n\t\t\t\t\t<div class=\"e-con-inner\">\n\t\t\t\t<div class=\"elementor-element elementor-element-57f5623 elementor-widget elementor-widget-spacer\" data-id=\"57f5623\" data-element_type=\"widget\" data-e-type=\"widget\" data-widget_type=\"spacer.default\">\n\t\t\t\t<div class=\"elementor-widget-container\">\n\t\t\t\t\t\t\t<div class=\"elementor-spacer\">\n\t\t\t<div class=\"elementor-spacer-inner\"><\/div>\n\t\t<\/div>\n\t\t\t\t\t\t<\/div>\n\t\t\t\t<\/div>\n\t\t\t\t\t<\/div>\n\t\t\t\t<\/div>\n\t\t<div class=\"elementor-element elementor-element-af0e973 e-grid e-con-boxed wpr-particle-no wpr-jarallax-no wpr-parallax-no wpr-sticky-section-no wpr-equal-height-no e-con e-parent\" data-id=\"af0e973\" data-element_type=\"container\" data-e-type=\"container\">\n\t\t\t\t\t<div class=\"e-con-inner\">\n\t\t\t\t<div class=\"elementor-element elementor-element-d2dd0d5 elementor-widget elementor-widget-text-editor\" data-id=\"d2dd0d5\" data-element_type=\"widget\" data-e-type=\"widget\" data-widget_type=\"text-editor.default\">\n\t\t\t\t<div class=\"elementor-widget-container\">\n\t\t\t\t\t\t\t\t\t<p><span style=\"color: #000000;\">texte<\/span><\/p>\t\t\t\t\t\t\t\t<\/div>\n\t\t\t\t<\/div>\n\t\t\t\t<div class=\"elementor-element elementor-element-003e106 elementor-widget elementor-widget-text-editor\" data-id=\"003e106\" data-element_type=\"widget\" data-e-type=\"widget\" data-widget_type=\"text-editor.default\">\n\t\t\t\t<div class=\"elementor-widget-container\">\n\t\t\t\t\t\t\t\t\t<div id=\"elementor-tab-content-2641\" class=\"elementor-tab-content elementor-clearfix elementor-active\" role=\"region\" data-tab=\"1\" aria-labelledby=\"elementor-tab-title-2641\"><div class=\"gmail_default\"><strong><span style=\"color: #ffffff;\">J\u2019entends,<\/span><\/strong><br \/><strong><span style=\"color: #ffffff;\">les autres chez eux,<\/span><\/strong><br \/><strong><span style=\"color: #ffffff;\">crier<\/span><\/strong><br \/><strong><span style=\"color: #ffffff;\">de joie rage chair jouir,<\/span><\/strong><br \/><strong><span style=\"color: #ffffff;\">de l\u2019un de l\u2019autre<\/span><\/strong><br \/><strong><span style=\"color: #ffffff;\">de lassitude.<\/span><\/strong><br \/><strong><span style=\"color: #ffffff;\">J\u2019entends,<\/span><\/strong><br \/><strong><span style=\"color: #ffffff;\">les autres chez eux,<\/span><\/strong><br \/><strong><span style=\"color: #ffffff;\">rire<\/span><\/strong><br \/><strong><span style=\"color: #ffffff;\">de faim de soif d\u2019ennui de rien.<\/span><\/strong><br \/><strong><span style=\"color: #ffffff;\">D\u2019ensemble<\/span><\/strong><br \/><strong><span style=\"color: #ffffff;\">si pr\u00e8s.<\/span><\/strong><\/div><div class=\"gmail_default\"><br \/><strong><span style=\"color: #ffffff;\">Saisir<\/span><\/strong><br \/><strong><span style=\"color: #ffffff;\">le bruit qui court<\/span><\/strong><br \/><strong><span style=\"color: #ffffff;\">la rumeur qui roule<\/span><\/strong><br \/><strong><span style=\"color: #ffffff;\">le murmure qui se faufile<\/span><\/strong><br \/><strong><span style=\"color: #ffffff;\">le chuchotement qui se glisse.<\/span><\/strong><br \/><strong><span style=\"color: #ffffff;\">Saisir<\/span><\/strong><br \/><strong><span style=\"color: #ffffff;\">des paroles en l\u2019air.<\/span><\/strong><\/div><div class=\"gmail_default\">\u00a0<\/div><div class=\"gmail_default\"><strong><span style=\"color: #ffffff;\">Portes qui claquent, rideaux tir\u00e9s.<\/span><\/strong><br \/><strong><span style=\"color: #ffffff;\">Les fen\u00eatres sont des portes, les rues nos<\/span><\/strong><br \/><strong><span style=\"color: #ffffff;\">couloirs.<\/span><\/strong><br \/><strong><span style=\"color: #ffffff;\">Une ville<\/span><\/strong><br \/><strong><span style=\"color: #ffffff;\">un seul et m\u00eame appartement.<\/span><\/strong><br \/><strong><span style=\"color: #ffffff;\">Inutile de te cacher derri\u00e8re les volets<\/span><\/strong><br \/><strong><span style=\"color: #ffffff;\">je suis d\u00e9j\u00e0 au courant.<\/span><\/strong><\/div><div class=\"gmail_default\"><br \/><strong><span style=\"color: #ffffff;\">Ma voix, cette putain.<\/span><\/strong><br \/><strong><span style=\"color: #ffffff;\">Elle te prend par le col.<\/span><\/strong><br \/><strong><span style=\"color: #ffffff;\">Elle se glisse dans tes manches.<\/span><\/strong><br \/><strong><span style=\"color: #ffffff;\">Elle soulage elle divertit.<\/span><\/strong><br \/><strong><span style=\"color: #ffffff;\">Ma voix, cette putain.<\/span><\/strong><br \/><strong><span style=\"color: #ffffff;\">Tu l\u2019attaches et la maintiens<\/span><\/strong><br \/><strong><span style=\"color: #ffffff;\">au niveau du murmure<\/span><\/strong><br \/><strong><span style=\"color: #ffffff;\">presque inaudible<\/span><\/strong><br \/><strong><span style=\"color: #ffffff;\">au cas o\u00f9<\/span><\/strong><br \/><strong><span style=\"color: #ffffff;\">elle en dirait<\/span><\/strong><br \/><strong><span style=\"color: #ffffff;\">un peu trop.<\/span><\/strong><br \/><strong><span style=\"color: #ffffff;\">Mon corps plaqu\u00e9<\/span><\/strong><br \/><strong><span style=\"color: #ffffff;\">ma voix demi-tour.<\/span><\/strong><br \/><strong><span style=\"color: #ffffff;\">Prends \u00e7a,<\/span><\/strong><br \/><strong><span style=\"color: #ffffff;\">prends \u00e7a contre toi et ravale.<\/span><\/strong><\/div><div class=\"gmail_default\">\u00a0<\/div><div class=\"gmail_default\"><strong><span style=\"color: #ffffff;\">Contre les murs<\/span><\/strong><br \/><strong><span style=\"color: #ffffff;\">\u00e0 travers les portes<\/span><\/strong><br \/><strong><span style=\"color: #ffffff;\">le long des goutti\u00e8res<\/span><\/strong><br \/><strong><span style=\"color: #ffffff;\">par-dessus les toits.<\/span><\/strong><br \/><strong><span style=\"color: #ffffff;\">Intra-muros<\/span><\/strong><br \/><strong><span style=\"color: #ffffff;\">c\u2019est sans bouger.<\/span><\/strong><br \/><strong><span style=\"color: #ffffff;\">Impasse du dire<\/span><\/strong><br \/><strong><span style=\"color: #ffffff;\">ne pas d\u00e9ranger.<\/span><\/strong><\/div><div class=\"gmail_default\"><br \/><strong><span style=\"color: #ffffff;\">Ma gorge nou\u00e9e<\/span><\/strong><br \/><strong><span style=\"color: #ffffff;\">par l\u2019autre en travers<\/span><\/strong><br \/><strong><span style=\"color: #ffffff;\">j\u2019attends<\/span><\/strong><br \/><strong><span style=\"color: #ffffff;\">le rassemblement.<\/span><\/strong><hr \/><\/div><\/div>\t\t\t\t\t\t\t\t<\/div>\n\t\t\t\t<\/div>\n\t\t\t\t\t<\/div>\n\t\t\t\t<\/div>\n\t\t<div class=\"elementor-element elementor-element-41d29f5 e-flex e-con-boxed wpr-particle-no wpr-jarallax-no wpr-parallax-no wpr-sticky-section-no wpr-equal-height-no e-con e-parent\" data-id=\"41d29f5\" data-element_type=\"container\" data-e-type=\"container\">\n\t\t\t\t\t<div class=\"e-con-inner\">\n\t\t\t\t<div class=\"elementor-element elementor-element-3e9b253 elementor-widget elementor-widget-spacer\" data-id=\"3e9b253\" data-element_type=\"widget\" data-e-type=\"widget\" data-widget_type=\"spacer.default\">\n\t\t\t\t<div class=\"elementor-widget-container\">\n\t\t\t\t\t\t\t<div class=\"elementor-spacer\">\n\t\t\t<div class=\"elementor-spacer-inner\"><\/div>\n\t\t<\/div>\n\t\t\t\t\t\t<\/div>\n\t\t\t\t<\/div>\n\t\t\t\t\t<\/div>\n\t\t\t\t<\/div>\n\t\t\t\t<\/div>\n\t\t","protected":false},"excerpt":{"rendered":"<p>texte J\u2019entends,les autres chez eux,crierde joie rage chair jouir,de l\u2019un de l\u2019autrede lassitude.J\u2019entends,les autres chez eux,rirede faim de soif d\u2019ennui de rien.D\u2019ensemblesi pr\u00e8s.Saisirle bruit qui courtla rumeur qui roulele murmure qui se faufilele chuchotement qui se glisse.Saisirdes paroles en l\u2019air.\u00a0Portes qui claquent, rideaux tir\u00e9s.Les fen\u00eatres sont des portes, les rues noscouloirs.Une villeun seul et m\u00eame appartement.Inutile de te cacher derri\u00e8re les voletsje suis d\u00e9j\u00e0 au courant.Ma voix, cette putain.Elle te prend par le col.Elle se glisse dans tes manches.Elle soulage elle divertit.Ma voix, cette putain.Tu l\u2019attaches et la maintiensau niveau du murmurepresque inaudibleau cas o\u00f9elle en diraitun peu trop.Mon corps plaqu\u00e9ma voix demi-tour.Prends \u00e7a,prends \u00e7a contre toi et ravale.\u00a0Contre les murs\u00e0 travers les portesle long des goutti\u00e8respar-dessus les toits.Intra-murosc\u2019est sans bouger.Impasse du direne pas d\u00e9ranger.Ma gorge nou\u00e9epar l\u2019autre en traversj\u2019attendsle rassemblement.<\/p>\n","protected":false},"author":1,"featured_media":0,"parent":0,"menu_order":0,"comment_status":"closed","ping_status":"closed","template":"","meta":{"footnotes":""},"class_list":["post-1922","page","type-page","status-publish","hentry"],"_links":{"self":[{"href":"https:\/\/lautreentravers.fr\/index.php\/wp-json\/wp\/v2\/pages\/1922","targetHints":{"allow":["GET"]}}],"collection":[{"href":"https:\/\/lautreentravers.fr\/index.php\/wp-json\/wp\/v2\/pages"}],"about":[{"href":"https:\/\/lautreentravers.fr\/index.php\/wp-json\/wp\/v2\/types\/page"}],"author":[{"embeddable":true,"href":"https:\/\/lautreentravers.fr\/index.php\/wp-json\/wp\/v2\/users\/1"}],"replies":[{"embeddable":true,"href":"https:\/\/lautreentravers.fr\/index.php\/wp-json\/wp\/v2\/comments?post=1922"}],"version-history":[{"count":16,"href":"https:\/\/lautreentravers.fr\/index.php\/wp-json\/wp\/v2\/pages\/1922\/revisions"}],"predecessor-version":[{"id":1954,"href":"https:\/\/lautreentravers.fr\/index.php\/wp-json\/wp\/v2\/pages\/1922\/revisions\/1954"}],"wp:attachment":[{"href":"https:\/\/lautreentravers.fr\/index.php\/wp-json\/wp\/v2\/media?parent=1922"}],"curies":[{"name":"wp","href":"https:\/\/api.w.org\/{rel}","templated":true}]}}