{"id":1707,"date":"2023-11-27T15:14:11","date_gmt":"2023-11-27T14:14:11","guid":{"rendered":"https:\/\/lautreentravers.fr\/?page_id=1707"},"modified":"2023-11-27T15:18:09","modified_gmt":"2023-11-27T14:18:09","slug":"equipe-du-projet","status":"publish","type":"page","link":"https:\/\/lautreentravers.fr\/index.php\/equipe-du-projet\/","title":{"rendered":"L&rsquo;\u00e9quipe"},"content":{"rendered":"\t\t<div data-elementor-type=\"wp-page\" data-elementor-id=\"1707\" class=\"elementor elementor-1707\">\n\t\t\t\t<div class=\"elementor-element elementor-element-3d845fc e-flex e-con-boxed wpr-particle-no wpr-jarallax-no wpr-parallax-no wpr-sticky-section-no wpr-equal-height-no e-con e-parent\" data-id=\"3d845fc\" data-element_type=\"container\" data-e-type=\"container\">\n\t\t\t\t\t<div class=\"e-con-inner\">\n\t\t<div class=\"elementor-element elementor-element-f6e0a2c e-con-full e-flex wpr-particle-no wpr-jarallax-no wpr-parallax-no wpr-sticky-section-no wpr-equal-height-no e-con e-child\" data-id=\"f6e0a2c\" data-element_type=\"container\" data-e-type=\"container\">\n\t\t\t\t<div class=\"elementor-element elementor-element-3e21cda elementor-widget elementor-widget-spacer\" data-id=\"3e21cda\" data-element_type=\"widget\" data-e-type=\"widget\" data-widget_type=\"spacer.default\">\n\t\t\t\t<div class=\"elementor-widget-container\">\n\t\t\t\t\t\t\t<div class=\"elementor-spacer\">\n\t\t\t<div class=\"elementor-spacer-inner\"><\/div>\n\t\t<\/div>\n\t\t\t\t\t\t<\/div>\n\t\t\t\t<\/div>\n\t\t\t\t<\/div>\n\t\t\t\t\t<\/div>\n\t\t\t\t<\/div>\n\t\t<div class=\"elementor-element elementor-element-a749de5 e-flex e-con-boxed wpr-particle-no wpr-jarallax-no wpr-parallax-no wpr-sticky-section-no wpr-equal-height-no e-con e-parent\" data-id=\"a749de5\" data-element_type=\"container\" data-e-type=\"container\">\n\t\t\t\t\t<div class=\"e-con-inner\">\n\t\t<div class=\"elementor-element elementor-element-ba9f9e1 e-con-full e-flex wpr-particle-no wpr-jarallax-no wpr-parallax-no wpr-sticky-section-no wpr-equal-height-no elementor-invisible e-con e-child\" data-id=\"ba9f9e1\" data-element_type=\"container\" data-e-type=\"container\" data-settings=\"{&quot;animation&quot;:&quot;fadeIn&quot;}\">\n\t\t\t\t<div class=\"elementor-element elementor-element-52ad93f elementor-widget elementor-widget-text-editor\" data-id=\"52ad93f\" data-element_type=\"widget\" data-e-type=\"widget\" data-widget_type=\"text-editor.default\">\n\t\t\t\t<div class=\"elementor-widget-container\">\n\t\t\t\t\t\t\t\t\t<p><span style=\"color: #ffffff;\">St\u00e9phanie Querit\u00e9<\/span><br \/><span style=\"color: #ffffff;\">\/\/Texte, voix, interpr\u00e9tation\/\/<\/span><\/p>\t\t\t\t\t\t\t\t<\/div>\n\t\t\t\t<\/div>\n\t\t\t\t<\/div>\n\t\t<div class=\"elementor-element elementor-element-e8b7e6f e-con-full e-flex wpr-particle-no wpr-jarallax-no wpr-parallax-no wpr-sticky-section-no wpr-equal-height-no e-con e-child\" data-id=\"e8b7e6f\" data-element_type=\"container\" data-e-type=\"container\">\n\t\t\t\t<div class=\"elementor-element elementor-element-1f3cd45 elementor-invisible elementor-widget elementor-widget-text-editor\" data-id=\"1f3cd45\" data-element_type=\"widget\" data-e-type=\"widget\" data-settings=\"{&quot;_animation&quot;:&quot;fadeIn&quot;,&quot;_animation_delay&quot;:200}\" data-widget_type=\"text-editor.default\">\n\t\t\t\t<div class=\"elementor-widget-container\">\n\t\t\t\t\t\t\t\t\t<p><span style=\"color: #ffffff;\">El Tat<\/span><br \/><span style=\"color: #ffffff;\">\/\/Musique\/\/<\/span><\/p>\t\t\t\t\t\t\t\t<\/div>\n\t\t\t\t<\/div>\n\t\t\t\t<\/div>\n\t\t<div class=\"elementor-element elementor-element-39a9e5b e-con-full e-flex wpr-particle-no wpr-jarallax-no wpr-parallax-no wpr-sticky-section-no wpr-equal-height-no e-con e-child\" data-id=\"39a9e5b\" data-element_type=\"container\" data-e-type=\"container\">\n\t\t\t\t<div class=\"elementor-element elementor-element-17e43b8 elementor-invisible elementor-widget elementor-widget-text-editor\" data-id=\"17e43b8\" data-element_type=\"widget\" data-e-type=\"widget\" data-settings=\"{&quot;_animation&quot;:&quot;fadeIn&quot;,&quot;_animation_delay&quot;:400}\" data-widget_type=\"text-editor.default\">\n\t\t\t\t<div class=\"elementor-widget-container\">\n\t\t\t\t\t\t\t\t\t<p><span style=\"color: #ffffff;\">Thomas H\u00e9mery<\/span><br \/><span style=\"color: #ffffff;\">\/\/Vid\u00e9o\/\/<\/span><\/p>\t\t\t\t\t\t\t\t<\/div>\n\t\t\t\t<\/div>\n\t\t\t\t<\/div>\n\t\t<div class=\"elementor-element elementor-element-d5f261f e-con-full e-flex wpr-particle-no wpr-jarallax-no wpr-parallax-no wpr-sticky-section-no wpr-equal-height-no e-con e-child\" data-id=\"d5f261f\" data-element_type=\"container\" data-e-type=\"container\">\n\t\t\t\t<div class=\"elementor-element elementor-element-5baa146 elementor-widget elementor-widget-image\" data-id=\"5baa146\" data-element_type=\"widget\" data-e-type=\"widget\" data-widget_type=\"image.default\">\n\t\t\t\t<div class=\"elementor-widget-container\">\n\t\t\t\t\t\t\t\t\t\t\t\t\t\t\t<img decoding=\"async\" width=\"200\" height=\"200\" src=\"https:\/\/lautreentravers.fr\/wp-content\/uploads\/2023\/09\/Stephanie-Querite-portrait-poesie-Lautre-en-travers.jpg\" class=\"attachment-large size-large wp-image-305\" alt=\"\" srcset=\"https:\/\/lautreentravers.fr\/wp-content\/uploads\/2023\/09\/Stephanie-Querite-portrait-poesie-Lautre-en-travers.jpg 200w, https:\/\/lautreentravers.fr\/wp-content\/uploads\/2023\/09\/Stephanie-Querite-portrait-poesie-Lautre-en-travers-150x150.jpg 150w\" sizes=\"(max-width: 200px) 100vw, 200px\" \/>\t\t\t\t\t\t\t\t\t\t\t\t\t\t\t<\/div>\n\t\t\t\t<\/div>\n\t\t\t\t<div class=\"elementor-element elementor-element-ead2b4f elementor-invisible elementor-widget elementor-widget-text-editor\" data-id=\"ead2b4f\" data-element_type=\"widget\" data-e-type=\"widget\" data-settings=\"{&quot;_animation&quot;:&quot;fadeIn&quot;,&quot;_animation_delay&quot;:400}\" data-widget_type=\"text-editor.default\">\n\t\t\t\t<div class=\"elementor-widget-container\">\n\t\t\t\t\t\t\t\t\t<p>Autrice, animatrice d\u2019atelier d\u2019\u00e9criture, professeure de culture g\u00e9., voix de radio, co-organisatrice des <em>Nuits de la Po\u00e9sie de Crest<\/em> avec Sama\u00eble Steiner, co-\u00e9ditrice aux Trois Petites Truites \u00e9ditions, m\u00e8re de deux enfants.<\/p>\t\t\t\t\t\t\t\t<\/div>\n\t\t\t\t<\/div>\n\t\t\t\t<div class=\"elementor-element elementor-element-17b1021 elementor-widget elementor-widget-spacer\" data-id=\"17b1021\" data-element_type=\"widget\" data-e-type=\"widget\" data-widget_type=\"spacer.default\">\n\t\t\t\t<div class=\"elementor-widget-container\">\n\t\t\t\t\t\t\t<div class=\"elementor-spacer\">\n\t\t\t<div class=\"elementor-spacer-inner\"><\/div>\n\t\t<\/div>\n\t\t\t\t\t\t<\/div>\n\t\t\t\t<\/div>\n\t\t\t\t<div class=\"elementor-element elementor-element-0e77a0e elementor-widget elementor-widget-accordion\" data-id=\"0e77a0e\" data-element_type=\"widget\" data-e-type=\"widget\" data-widget_type=\"accordion.default\">\n\t\t\t\t<div class=\"elementor-widget-container\">\n\t\t\t\t\t\t\t<div class=\"elementor-accordion\">\n\t\t\t\t\t\t\t<div class=\"elementor-accordion-item\">\n\t\t\t\t\t<div id=\"elementor-tab-title-1511\" class=\"elementor-tab-title\" data-tab=\"1\" role=\"button\" aria-controls=\"elementor-tab-content-1511\" aria-expanded=\"false\">\n\t\t\t\t\t\t\t\t\t\t\t\t\t<span class=\"elementor-accordion-icon elementor-accordion-icon-right\" aria-hidden=\"true\">\n\t\t\t\t\t\t\t\t\t\t\t\t\t\t\t<span class=\"elementor-accordion-icon-closed\"><i class=\"fas fa-plus\"><\/i><\/span>\n\t\t\t\t\t\t\t\t<span class=\"elementor-accordion-icon-opened\"><\/span>\n\t\t\t\t\t\t\t\t\t\t\t\t\t\t<\/span>\n\t\t\t\t\t\t\t\t\t\t\t\t<a class=\"elementor-accordion-title\" tabindex=\"0\">+ sur St\u00e9phanie Qu\u00e9rit\u00e9<\/a>\n\t\t\t\t\t<\/div>\n\t\t\t\t\t<div id=\"elementor-tab-content-1511\" class=\"elementor-tab-content elementor-clearfix\" data-tab=\"1\" role=\"region\" aria-labelledby=\"elementor-tab-title-1511\"><ul><li><span style=\"color: #999999;\"><em>L\u2019h\u00e9sitation<\/em>, Delarbre \u00c9ditions, 2018 (po\u00e9sie)<\/span><\/li><li><span style=\"color: #999999;\"><em>La mouche qui tournait en rond<\/em>, Delarbre \u00c9ditions, 2018 (jeunesse)<\/span><\/li><li><span style=\"color: #999999;\"><em>Rouges<\/em>, \u00c9ditions Parole, 2019 (roman)<\/span><\/li><li><span style=\"color: #999999;\"><em>Lignes de d\u00e9sir<\/em>, La Boucherie Litt\u00e9raire, 2021 (po\u00e9sie)<\/span><\/li><li><span style=\"color: #999999;\"><em>Les deux eaux<\/em>, Trois Petites Truites \u00e9ditions, 2022 (po\u00e9sie)<\/span><\/li><li><span style=\"color: #999999;\"><em>Vers le Nord<\/em>, La Boucherie Litt\u00e9raire, 2023 (po\u00e9sie)<\/span><\/li><li><span style=\"color: #999999;\"><em>Rouge-poitrine<\/em>, Les carnets du dessert de lune, 2023 (po\u00e9sie)<\/span><\/li><li><span style=\"color: #999999;\">Ouvrages collectifs\u00a0: <em>Visages d&rsquo;ailleurs<\/em> (Riveneuve \u00e9ditions), <em>Ailleurs<\/em> (\u00c9ditions de l&rsquo;Aigrette), <em>Il devrait y avoir encore une heure avant l\u2019aube<\/em> (\u00c9ditions Buzo), <em>Temp\u00eates dans un verre d\u2019eau<\/em> (Trois petites truites \u00e9ditions)<\/span><\/li><li><span style=\"color: #999999;\">Revues\u00a0: Lichen #16, Va\u00a0! #6, Traction Barbant #70, SILLO #4, Cabaret #30, Dissonances #38, Pourtant #3, Teste #44<\/span><p><span style=\"color: #999999;\">Liens :<\/span> <span style=\"color: #ffffff;\"><a style=\"color: #ffffff;\" href=\"https:\/\/www.stephaniequerite.net\">Stephaniequerite.net<\/a><\/span><br \/><a href=\"https:\/\/soundcloud.com\/st-phanie-qu-rit\"><span style=\"color: #ffffff;\">Soundcloud<\/span><\/a><\/p><\/li><\/ul><\/div>\n\t\t\t\t<\/div>\n\t\t\t\t\t\t\t\t<\/div>\n\t\t\t\t\t\t<\/div>\n\t\t\t\t<\/div>\n\t\t\t\t<\/div>\n\t\t<div class=\"elementor-element elementor-element-32b1739 e-con-full e-flex wpr-particle-no wpr-jarallax-no wpr-parallax-no wpr-sticky-section-no wpr-equal-height-no e-con e-child\" data-id=\"32b1739\" data-element_type=\"container\" data-e-type=\"container\">\n\t\t\t\t<div class=\"elementor-element elementor-element-79b56e5 elementor-widget elementor-widget-image\" data-id=\"79b56e5\" data-element_type=\"widget\" data-e-type=\"widget\" data-widget_type=\"image.default\">\n\t\t\t\t<div class=\"elementor-widget-container\">\n\t\t\t\t\t\t\t\t\t\t\t\t\t\t\t<img decoding=\"async\" width=\"200\" height=\"200\" src=\"https:\/\/lautreentravers.fr\/wp-content\/uploads\/2023\/09\/El-tat-Tom-Galdeano-site-web-CAVALE.jpg\" class=\"attachment-large size-large wp-image-306\" alt=\"\" srcset=\"https:\/\/lautreentravers.fr\/wp-content\/uploads\/2023\/09\/El-tat-Tom-Galdeano-site-web-CAVALE.jpg 200w, https:\/\/lautreentravers.fr\/wp-content\/uploads\/2023\/09\/El-tat-Tom-Galdeano-site-web-CAVALE-150x150.jpg 150w\" sizes=\"(max-width: 200px) 100vw, 200px\" \/>\t\t\t\t\t\t\t\t\t\t\t\t\t\t\t<\/div>\n\t\t\t\t<\/div>\n\t\t\t\t<div class=\"elementor-element elementor-element-31efd1e elementor-invisible elementor-widget elementor-widget-text-editor\" data-id=\"31efd1e\" data-element_type=\"widget\" data-e-type=\"widget\" data-settings=\"{&quot;_animation&quot;:&quot;fadeIn&quot;,&quot;_animation_delay&quot;:500}\" data-widget_type=\"text-editor.default\">\n\t\t\t\t<div class=\"elementor-widget-container\">\n\t\t\t\t\t\t\t\t\t<p><span style=\"color: #ffffff;\">El Tat est un projet musical et un avatar, cr\u00e9\u00e9 par Tom Galdeano en 2016 \u00e0 Ta\u00efwan puis sign\u00e9 en France en 2021 chez Doux Mantra Records (son collectif d&rsquo;artiste et label de musique), avec qui il a produit 5 EPs et 3 singles entre 2020 et 2023, et dont le premier album \u00ab\u00a0Stoplights\u00a0\u00bb est sorti en Juin 2023.<\/span><\/p>\t\t\t\t\t\t\t\t<\/div>\n\t\t\t\t<\/div>\n\t\t\t\t<div class=\"elementor-element elementor-element-b1557ed elementor-widget elementor-widget-spacer\" data-id=\"b1557ed\" data-element_type=\"widget\" data-e-type=\"widget\" data-widget_type=\"spacer.default\">\n\t\t\t\t<div class=\"elementor-widget-container\">\n\t\t\t\t\t\t\t<div class=\"elementor-spacer\">\n\t\t\t<div class=\"elementor-spacer-inner\"><\/div>\n\t\t<\/div>\n\t\t\t\t\t\t<\/div>\n\t\t\t\t<\/div>\n\t\t\t\t<div class=\"elementor-element elementor-element-a818a72 elementor-widget elementor-widget-accordion\" data-id=\"a818a72\" data-element_type=\"widget\" data-e-type=\"widget\" data-widget_type=\"accordion.default\">\n\t\t\t\t<div class=\"elementor-widget-container\">\n\t\t\t\t\t\t\t<div class=\"elementor-accordion\">\n\t\t\t\t\t\t\t<div class=\"elementor-accordion-item\">\n\t\t\t\t\t<div id=\"elementor-tab-title-1761\" class=\"elementor-tab-title\" data-tab=\"1\" role=\"button\" aria-controls=\"elementor-tab-content-1761\" aria-expanded=\"false\">\n\t\t\t\t\t\t\t\t\t\t\t\t\t<span class=\"elementor-accordion-icon elementor-accordion-icon-right\" aria-hidden=\"true\">\n\t\t\t\t\t\t\t\t\t\t\t\t\t\t\t<span class=\"elementor-accordion-icon-closed\"><i class=\"fas fa-plus\"><\/i><\/span>\n\t\t\t\t\t\t\t\t<span class=\"elementor-accordion-icon-opened\"><\/span>\n\t\t\t\t\t\t\t\t\t\t\t\t\t\t<\/span>\n\t\t\t\t\t\t\t\t\t\t\t\t<a class=\"elementor-accordion-title\" tabindex=\"0\">+ sur El Tat<\/a>\n\t\t\t\t\t<\/div>\n\t\t\t\t\t<div id=\"elementor-tab-content-1761\" class=\"elementor-tab-content elementor-clearfix\" data-tab=\"1\" role=\"region\" aria-labelledby=\"elementor-tab-title-1761\"><p><span style=\"color: #999999;\">En studio, une musique pop-folk indie orchestr\u00e9e auto-produite et sur sc\u00e8ne une formule \u00e9th\u00e9r\u00e9e et po\u00e9tique en duo contrebasse et guitare qui se renouvelle et se voit accueillir des artistes invit\u00e9s parfois. <\/span><br \/><span style=\"color: #999999;\">On retrouve El Tat dans diff\u00e9rents projets musicaux tels que son groupe brit-punk Smoking Pistols, le projet progressif Colour Out Of Space, sur des collaborations (Hupeur, Lucio Suzy, Cheetah Flowers) et sur des exp\u00e9riences artistiques comme le recueil de St\u00e9phanie Qu\u00e9rit\u00e9 \u00ab\u00a0<em>L&rsquo;Autre en Travers<\/em>\u00ab\u00a0.<\/span><\/p><p><span style=\"color: #999999;\">Lien :<\/span> <a href=\"https:\/\/linktr.ee\/eltat\"><span style=\"color: #ffffff;\">LinkTree<\/span><\/a><\/p><\/div>\n\t\t\t\t<\/div>\n\t\t\t\t\t\t\t\t<\/div>\n\t\t\t\t\t\t<\/div>\n\t\t\t\t<\/div>\n\t\t\t\t<\/div>\n\t\t<div class=\"elementor-element elementor-element-5afb0cd e-con-full e-flex wpr-particle-no wpr-jarallax-no wpr-parallax-no wpr-sticky-section-no wpr-equal-height-no e-con e-child\" data-id=\"5afb0cd\" data-element_type=\"container\" data-e-type=\"container\">\n\t\t\t\t<div class=\"elementor-element elementor-element-16322d9 elementor-widget elementor-widget-image\" data-id=\"16322d9\" data-element_type=\"widget\" data-e-type=\"widget\" data-widget_type=\"image.default\">\n\t\t\t\t<div class=\"elementor-widget-container\">\n\t\t\t\t\t\t\t\t\t\t\t\t\t\t\t<img decoding=\"async\" width=\"200\" height=\"200\" src=\"https:\/\/lautreentravers.fr\/wp-content\/uploads\/2023\/09\/Thomas-Hemery-portrait.jpg\" class=\"attachment-large size-large wp-image-553\" alt=\"\" srcset=\"https:\/\/lautreentravers.fr\/wp-content\/uploads\/2023\/09\/Thomas-Hemery-portrait.jpg 200w, https:\/\/lautreentravers.fr\/wp-content\/uploads\/2023\/09\/Thomas-Hemery-portrait-150x150.jpg 150w\" sizes=\"(max-width: 200px) 100vw, 200px\" \/>\t\t\t\t\t\t\t\t\t\t\t\t\t\t\t<\/div>\n\t\t\t\t<\/div>\n\t\t\t\t<div class=\"elementor-element elementor-element-448a0ed elementor-invisible elementor-widget elementor-widget-text-editor\" data-id=\"448a0ed\" data-element_type=\"widget\" data-e-type=\"widget\" data-settings=\"{&quot;_animation&quot;:&quot;fadeIn&quot;,&quot;_animation_delay&quot;:600}\" data-widget_type=\"text-editor.default\">\n\t\t\t\t<div class=\"elementor-widget-container\">\n\t\t\t\t\t\t\t\t\t<p><span style=\"color: #ffffff;\">Semeur num\u00e9rique, r\u00e9alisateur de films, de sites web, de campagnes de com, ex-consultant, ex-formateur. Aussi passionn\u00e9 de montage, de photo, de musique, aussi papa, aussi cuisto et toujours plus contemplatif.<\/span><\/p>\t\t\t\t\t\t\t\t<\/div>\n\t\t\t\t<\/div>\n\t\t\t\t<div class=\"elementor-element elementor-element-f96637e elementor-widget elementor-widget-spacer\" data-id=\"f96637e\" data-element_type=\"widget\" data-e-type=\"widget\" data-widget_type=\"spacer.default\">\n\t\t\t\t<div class=\"elementor-widget-container\">\n\t\t\t\t\t\t\t<div class=\"elementor-spacer\">\n\t\t\t<div class=\"elementor-spacer-inner\"><\/div>\n\t\t<\/div>\n\t\t\t\t\t\t<\/div>\n\t\t\t\t<\/div>\n\t\t\t\t<div class=\"elementor-element elementor-element-a9a92cc elementor-widget elementor-widget-accordion\" data-id=\"a9a92cc\" data-element_type=\"widget\" data-e-type=\"widget\" data-widget_type=\"accordion.default\">\n\t\t\t\t<div class=\"elementor-widget-container\">\n\t\t\t\t\t\t\t<div class=\"elementor-accordion\">\n\t\t\t\t\t\t\t<div class=\"elementor-accordion-item\">\n\t\t\t\t\t<div id=\"elementor-tab-title-1771\" class=\"elementor-tab-title\" data-tab=\"1\" role=\"button\" aria-controls=\"elementor-tab-content-1771\" aria-expanded=\"false\">\n\t\t\t\t\t\t\t\t\t\t\t\t\t<span class=\"elementor-accordion-icon elementor-accordion-icon-right\" aria-hidden=\"true\">\n\t\t\t\t\t\t\t\t\t\t\t\t\t\t\t<span class=\"elementor-accordion-icon-closed\"><i class=\"fas fa-plus\"><\/i><\/span>\n\t\t\t\t\t\t\t\t<span class=\"elementor-accordion-icon-opened\"><\/span>\n\t\t\t\t\t\t\t\t\t\t\t\t\t\t<\/span>\n\t\t\t\t\t\t\t\t\t\t\t\t<a class=\"elementor-accordion-title\" tabindex=\"0\">+ sur Thomas H\u00e9mery<\/a>\n\t\t\t\t\t<\/div>\n\t\t\t\t\t<div id=\"elementor-tab-content-1771\" class=\"elementor-tab-content elementor-clearfix\" data-tab=\"1\" role=\"region\" aria-labelledby=\"elementor-tab-title-1771\"><p><span style=\"color: #999999;\">Pass\u00e9 par la production de films documentaires, par le conseil en communication, par la formation de journalistes, d&rsquo;activistes et d&rsquo;ONG, Thomas a accompagn\u00e9 des associations, m\u00e9dias, artisans ou entrepreneurs, pour d\u00e9finir et mettre en \u0153uvre leurs activit\u00e9s d&rsquo;information.<\/span><\/p><p><span style=\"color: #999999;\">Lien :<\/span> <a href=\"https:\/\/fr.linkedin.com\/in\/thomashemery\"><span style=\"color: #ffffff;\">LinkedIn<\/span><\/a><\/p><\/div>\n\t\t\t\t<\/div>\n\t\t\t\t\t\t\t\t<\/div>\n\t\t\t\t\t\t<\/div>\n\t\t\t\t<\/div>\n\t\t\t\t<\/div>\n\t\t\t\t\t<\/div>\n\t\t\t\t<\/div>\n\t\t\t\t<\/div>\n\t\t","protected":false},"excerpt":{"rendered":"<p>St\u00e9phanie Querit\u00e9\/\/Texte, voix, interpr\u00e9tation\/\/ El Tat\/\/Musique\/\/ Thomas H\u00e9mery\/\/Vid\u00e9o\/\/ Autrice, animatrice d\u2019atelier d\u2019\u00e9criture, professeure de culture g\u00e9., voix de radio, co-organisatrice des Nuits de la Po\u00e9sie de Crest avec Sama\u00eble Steiner, co-\u00e9ditrice aux Trois Petites Truites \u00e9ditions, m\u00e8re de deux enfants. + sur St\u00e9phanie Qu\u00e9rit\u00e9 L\u2019h\u00e9sitation, Delarbre \u00c9ditions, 2018 (po\u00e9sie) La mouche qui tournait en rond, Delarbre \u00c9ditions, 2018 (jeunesse) Rouges, \u00c9ditions Parole, 2019 (roman) Lignes de d\u00e9sir, La Boucherie Litt\u00e9raire, 2021 (po\u00e9sie) Les deux eaux, Trois Petites Truites \u00e9ditions, 2022 (po\u00e9sie) Vers le Nord, La Boucherie Litt\u00e9raire, 2023 (po\u00e9sie) Rouge-poitrine, Les carnets du dessert de lune, 2023 (po\u00e9sie) Ouvrages collectifs\u00a0: Visages d&#8217;ailleurs (Riveneuve \u00e9ditions), Ailleurs (\u00c9ditions de l&#8217;Aigrette), Il devrait y avoir encore une heure avant l\u2019aube (\u00c9ditions Buzo), Temp\u00eates dans un verre d\u2019eau (Trois petites truites \u00e9ditions) Revues\u00a0: Lichen #16, Va\u00a0! #6, Traction Barbant #70, SILLO #4, Cabaret #30, Dissonances #38, Pourtant #3, Teste #44 Liens : Stephaniequerite.netSoundcloud El Tat est un projet musical et un avatar, cr\u00e9\u00e9 par Tom Galdeano en 2016 \u00e0 Ta\u00efwan puis sign\u00e9 en France en 2021 chez Doux Mantra Records (son collectif d&rsquo;artiste et label de musique), avec qui il a produit 5 EPs et 3 singles entre 2020 et 2023, et dont le premier album \u00ab\u00a0Stoplights\u00a0\u00bb est sorti en Juin 2023. + sur El Tat En studio, une musique pop-folk indie orchestr\u00e9e auto-produite et sur sc\u00e8ne une formule \u00e9th\u00e9r\u00e9e et po\u00e9tique en duo contrebasse et guitare qui se renouvelle et se voit accueillir des artistes invit\u00e9s parfois. On retrouve El Tat dans diff\u00e9rents projets musicaux tels que son groupe brit-punk Smoking Pistols, le projet progressif Colour Out Of Space, sur des collaborations (Hupeur, Lucio Suzy, Cheetah Flowers) et sur des exp\u00e9riences artistiques comme le recueil de St\u00e9phanie Qu\u00e9rit\u00e9 &#8220;L&#8217;Autre en Travers&#8220;. Lien : LinkTree Semeur num\u00e9rique, r\u00e9alisateur de films, de sites web, de campagnes de com, ex-consultant, ex-formateur. Aussi passionn\u00e9 de montage, de photo, de musique, aussi papa, aussi cuisto et toujours plus contemplatif. + sur Thomas H\u00e9mery Pass\u00e9 par la production de films documentaires, par le conseil en communication, par la formation de journalistes, d&#8217;activistes et d&#8217;ONG, Thomas a accompagn\u00e9 des associations, m\u00e9dias, artisans ou entrepreneurs, pour d\u00e9finir et mettre en \u0153uvre leurs activit\u00e9s d&#8217;information. Lien : LinkedIn<\/p>\n","protected":false},"author":1,"featured_media":0,"parent":0,"menu_order":0,"comment_status":"closed","ping_status":"closed","template":"","meta":{"footnotes":""},"class_list":["post-1707","page","type-page","status-publish","hentry"],"_links":{"self":[{"href":"https:\/\/lautreentravers.fr\/index.php\/wp-json\/wp\/v2\/pages\/1707","targetHints":{"allow":["GET"]}}],"collection":[{"href":"https:\/\/lautreentravers.fr\/index.php\/wp-json\/wp\/v2\/pages"}],"about":[{"href":"https:\/\/lautreentravers.fr\/index.php\/wp-json\/wp\/v2\/types\/page"}],"author":[{"embeddable":true,"href":"https:\/\/lautreentravers.fr\/index.php\/wp-json\/wp\/v2\/users\/1"}],"replies":[{"embeddable":true,"href":"https:\/\/lautreentravers.fr\/index.php\/wp-json\/wp\/v2\/comments?post=1707"}],"version-history":[{"count":4,"href":"https:\/\/lautreentravers.fr\/index.php\/wp-json\/wp\/v2\/pages\/1707\/revisions"}],"predecessor-version":[{"id":1711,"href":"https:\/\/lautreentravers.fr\/index.php\/wp-json\/wp\/v2\/pages\/1707\/revisions\/1711"}],"wp:attachment":[{"href":"https:\/\/lautreentravers.fr\/index.php\/wp-json\/wp\/v2\/media?parent=1707"}],"curies":[{"name":"wp","href":"https:\/\/api.w.org\/{rel}","templated":true}]}}