{"id":1223,"date":"2023-10-26T13:17:49","date_gmt":"2023-10-26T11:17:49","guid":{"rendered":"https:\/\/lautreentravers.fr\/?page_id=1223"},"modified":"2023-11-27T20:43:22","modified_gmt":"2023-11-27T19:43:22","slug":"high-kick-de-stephanie-querite-poesie-electro-rock-noise-el-tat-tom-galdeano","status":"publish","type":"page","link":"https:\/\/lautreentravers.fr\/index.php\/high-kick-de-stephanie-querite-poesie-electro-rock-noise-el-tat-tom-galdeano\/","title":{"rendered":"High Kick de St\u00e9phanie Qu\u00e9rit\u00e9 po\u00e9sie electro rock noise El Tat Tom Galdeano"},"content":{"rendered":"\t\t<div data-elementor-type=\"wp-page\" data-elementor-id=\"1223\" class=\"elementor elementor-1223\">\n\t\t\t\t<div class=\"elementor-element elementor-element-48ae76a e-flex e-con-boxed wpr-particle-no wpr-jarallax-no wpr-parallax-no wpr-sticky-section-no wpr-equal-height-no e-con e-parent\" data-id=\"48ae76a\" data-element_type=\"container\" data-e-type=\"container\">\n\t\t\t\t\t<div class=\"e-con-inner\">\n\t\t\t\t<div class=\"elementor-element elementor-element-f8b759a elementor-widget elementor-widget-spacer\" data-id=\"f8b759a\" data-element_type=\"widget\" data-e-type=\"widget\" data-widget_type=\"spacer.default\">\n\t\t\t\t<div class=\"elementor-widget-container\">\n\t\t\t\t\t\t\t<div class=\"elementor-spacer\">\n\t\t\t<div class=\"elementor-spacer-inner\"><\/div>\n\t\t<\/div>\n\t\t\t\t\t\t<\/div>\n\t\t\t\t<\/div>\n\t\t\t\t<div class=\"elementor-element elementor-element-ed6f59f elementor-widget__width-auto elementor-invisible elementor-widget elementor-widget-video\" data-id=\"ed6f59f\" data-element_type=\"widget\" data-e-type=\"widget\" data-settings=\"{&quot;youtube_url&quot;:&quot;https:\\\/\\\/youtu.be\\\/0K053ncVqyc&quot;,&quot;_animation&quot;:&quot;fadeIn&quot;,&quot;_animation_delay&quot;:200,&quot;video_type&quot;:&quot;youtube&quot;,&quot;controls&quot;:&quot;yes&quot;}\" data-widget_type=\"video.default\">\n\t\t\t\t<div class=\"elementor-widget-container\">\n\t\t\t\t\t\t\t<div class=\"elementor-wrapper elementor-open-inline\">\n\t\t\t<div class=\"elementor-video\"><\/div>\t\t<\/div>\n\t\t\t\t\t\t<\/div>\n\t\t\t\t<\/div>\n\t\t\t\t\t<\/div>\n\t\t\t\t<\/div>\n\t\t<div class=\"elementor-element elementor-element-0b140aa e-flex e-con-boxed wpr-particle-no wpr-jarallax-no wpr-parallax-no wpr-sticky-section-no wpr-equal-height-no e-con e-parent\" data-id=\"0b140aa\" data-element_type=\"container\" data-e-type=\"container\">\n\t\t\t\t\t<div class=\"e-con-inner\">\n\t\t<div class=\"elementor-element elementor-element-4cfdf2f e-con-full e-flex wpr-particle-no wpr-jarallax-no wpr-parallax-no wpr-sticky-section-no wpr-equal-height-no e-con e-child\" data-id=\"4cfdf2f\" data-element_type=\"container\" data-e-type=\"container\">\n\t\t\t\t<div class=\"elementor-element elementor-element-6f80f23 elementor-widget elementor-widget-spacer\" data-id=\"6f80f23\" data-element_type=\"widget\" data-e-type=\"widget\" data-widget_type=\"spacer.default\">\n\t\t\t\t<div class=\"elementor-widget-container\">\n\t\t\t\t\t\t\t<div class=\"elementor-spacer\">\n\t\t\t<div class=\"elementor-spacer-inner\"><\/div>\n\t\t<\/div>\n\t\t\t\t\t\t<\/div>\n\t\t\t\t<\/div>\n\t\t\t\t<\/div>\n\t\t\t\t\t<\/div>\n\t\t\t\t<\/div>\n\t\t<div class=\"elementor-element elementor-element-8d557da e-flex e-con-boxed wpr-particle-no wpr-jarallax-no wpr-parallax-no wpr-sticky-section-no wpr-equal-height-no e-con e-parent\" data-id=\"8d557da\" data-element_type=\"container\" data-e-type=\"container\">\n\t\t\t\t\t<div class=\"e-con-inner\">\n\t\t<div class=\"elementor-element elementor-element-54ef060 e-con-full e-flex wpr-particle-no wpr-jarallax-no wpr-parallax-no wpr-sticky-section-no wpr-equal-height-no e-con e-child\" data-id=\"54ef060\" data-element_type=\"container\" data-e-type=\"container\">\n\t\t\t\t<\/div>\n\t\t<div class=\"elementor-element elementor-element-8dfdf80 e-con-full e-flex wpr-particle-no wpr-jarallax-no wpr-parallax-no wpr-sticky-section-no wpr-equal-height-no e-con e-child\" data-id=\"8dfdf80\" data-element_type=\"container\" data-e-type=\"container\">\n\t\t\t\t<div class=\"elementor-element elementor-element-0178372 animated-fast elementor-invisible elementor-widget elementor-widget-image\" data-id=\"0178372\" data-element_type=\"widget\" data-e-type=\"widget\" data-settings=\"{&quot;_animation&quot;:&quot;pulse&quot;,&quot;_animation_delay&quot;:100}\" data-widget_type=\"image.default\">\n\t\t\t\t<div class=\"elementor-widget-container\">\n\t\t\t\t\t\t\t\t\t\t\t\t\t\t\t<img fetchpriority=\"high\" decoding=\"async\" width=\"800\" height=\"331\" src=\"https:\/\/lautreentravers.fr\/wp-content\/uploads\/2023\/11\/high-kick-1024x424.jpg\" class=\"attachment-large size-large wp-image-1785\" alt=\"\" srcset=\"https:\/\/lautreentravers.fr\/wp-content\/uploads\/2023\/11\/high-kick-1024x424.jpg 1024w, https:\/\/lautreentravers.fr\/wp-content\/uploads\/2023\/11\/high-kick-300x124.jpg 300w, https:\/\/lautreentravers.fr\/wp-content\/uploads\/2023\/11\/high-kick-768x318.jpg 768w, https:\/\/lautreentravers.fr\/wp-content\/uploads\/2023\/11\/high-kick.jpg 1060w\" sizes=\"(max-width: 800px) 100vw, 800px\" \/>\t\t\t\t\t\t\t\t\t\t\t\t\t\t\t<\/div>\n\t\t\t\t<\/div>\n\t\t\t\t<div class=\"elementor-element elementor-element-fcb53e5 elementor-invisible elementor-widget elementor-widget-accordion\" data-id=\"fcb53e5\" data-element_type=\"widget\" data-e-type=\"widget\" data-settings=\"{&quot;_animation&quot;:&quot;fadeIn&quot;,&quot;_animation_delay&quot;:600}\" data-widget_type=\"accordion.default\">\n\t\t\t\t<div class=\"elementor-widget-container\">\n\t\t\t\t\t\t\t<div class=\"elementor-accordion\">\n\t\t\t\t\t\t\t<div class=\"elementor-accordion-item\">\n\t\t\t\t\t<div id=\"elementor-tab-title-2641\" class=\"elementor-tab-title\" data-tab=\"1\" role=\"button\" aria-controls=\"elementor-tab-content-2641\" aria-expanded=\"false\">\n\t\t\t\t\t\t\t\t\t\t\t\t\t<span class=\"elementor-accordion-icon elementor-accordion-icon-right\" aria-hidden=\"true\">\n\t\t\t\t\t\t\t\t\t\t\t\t\t\t\t<span class=\"elementor-accordion-icon-closed\"><i class=\"fas fa-plus\"><\/i><\/span>\n\t\t\t\t\t\t\t\t<span class=\"elementor-accordion-icon-opened\"><i class=\"fas fa-minus\"><\/i><\/span>\n\t\t\t\t\t\t\t\t\t\t\t\t\t\t<\/span>\n\t\t\t\t\t\t\t\t\t\t\t\t<a class=\"elementor-accordion-title\" tabindex=\"0\"><\/a>\n\t\t\t\t\t<\/div>\n\t\t\t\t\t<div id=\"elementor-tab-content-2641\" class=\"elementor-tab-content elementor-clearfix\" data-tab=\"1\" role=\"region\" aria-labelledby=\"elementor-tab-title-2641\"><p>\u00c7a te prend.<br \/>\u00c7a te prend par le ventre c\u2019est une porte.<br \/>\u00c7a entre par l\u00e0 \u00e7a te prend les visc\u00e8res \u00e7a les<br \/>tord.<br \/>\u00c7a te prend tu n\u2019y peux rien tu laisses faire<br \/>c\u2019est ouvert.<br \/><br \/>C\u2019est pas d\u2019ma faute.<\/p><p>Tu te d\u00e9files et de ces fils tu \u00e9cris des mots,<br \/>des mots d\u2019excuse l\u2019air de rien.<br \/>\u00c7a ne cr\u00e9e aucun verrou juste un courant<br \/>d\u2019air \u00e7a attise les feux.<br \/><br \/>Tu le dis, j\u2019y peux rien et tu t\u2019endors<br \/>dans le creux d\u2019un incendie<br \/>\u00e0 l\u2019abri des sir\u00e8nes.<br \/><br \/>C\u2019est pas d\u2019ma faute.<br \/>C\u2019est un long corridor.<br \/><br \/><br \/>Tu ne te sens pas responsable, tu subis la<br \/>foudre.<br \/><br \/>Tu comptes les secondes qu\u2019il te reste.<br \/>Il est \u00e9crit quelque part qu\u2019il n\u2019y a plus rien \u00e0<br \/>faire.<br \/><br \/>Alors tu ne fais plus rien,<br \/>tu laisses la peur s\u2019engouffrer,<br \/>tu laisses la peur se r\u00e9pandre.<br \/><br \/>Qu\u2019est ce qui serait plus fort que la peur ?<br \/>Qu\u2019est ce qui serait plus fort que la peur ?<br \/><br \/>La cause<br \/>alors parle,<br \/>parle \u00e0 l\u2019un parle \u00e0 l\u2019autre rassemble.<br \/>Cr\u00e9e cette masse ardente de voix prises une<br \/>\u00e0 une,<br \/>un rugissement,<br \/>\u00e7a cogne.<br \/><br \/>Tu ne te d\u00e9files plus, tu prends corps,<br \/>avec l\u2019autre te d\u00e9battre.<br \/>\u00c7a cr\u00e9e des renforts,<br \/>\u00e7a cr\u00e9e des impacts.<br \/>C\u2019est une d\u00e9marche.<br \/><br \/>Entends-tu les pas de celles qui s\u2019avancent<br \/>contre ?<br \/><br \/>Entends-tu les pas de ceux qui s\u2019avancent<br \/>contre ?<br \/><br \/>\u00c7a r\u00e9sonne vibre,<br \/>\u00e7a d\u00e9place les murs et renforce les d\u00e9fenses.<br \/><br \/>L\u2019autre n\u2019est plus<br \/>en travers.<br \/>L\u2019autre est plusieurs<br \/>comme un revers,<br \/>de la main contre,<br \/>ceux qui de leur lois contre,<br \/>ceux qui de leur logique comptent.<br \/>Nous<br \/>qui sommes<br \/>une + un + une + un,<br \/>de travers \u00e0 leurs yeux,<br \/>en travers de leur route<br \/><br \/>Une arm\u00e9e de mots mis en acte.<br \/>High kick dans ta face, la peur.<\/p><\/div>\n\t\t\t\t<\/div>\n\t\t\t\t\t\t\t\t<\/div>\n\t\t\t\t\t\t<\/div>\n\t\t\t\t<\/div>\n\t\t\t\t<div class=\"elementor-element elementor-element-6b730f2 elementor-widget elementor-widget-spacer\" data-id=\"6b730f2\" data-element_type=\"widget\" data-e-type=\"widget\" data-widget_type=\"spacer.default\">\n\t\t\t\t<div class=\"elementor-widget-container\">\n\t\t\t\t\t\t\t<div class=\"elementor-spacer\">\n\t\t\t<div class=\"elementor-spacer-inner\"><\/div>\n\t\t<\/div>\n\t\t\t\t\t\t<\/div>\n\t\t\t\t<\/div>\n\t\t\t\t<\/div>\n\t\t<div class=\"elementor-element elementor-element-38ed411 e-con-full e-flex wpr-particle-no wpr-jarallax-no wpr-parallax-no wpr-sticky-section-no wpr-equal-height-no e-con e-child\" data-id=\"38ed411\" data-element_type=\"container\" data-e-type=\"container\">\n\t\t\t\t<\/div>\n\t\t\t\t\t<\/div>\n\t\t\t\t<\/div>\n\t\t<div class=\"elementor-element elementor-element-f5df9cb e-flex e-con-boxed wpr-particle-no wpr-jarallax-no wpr-parallax-no wpr-sticky-section-no wpr-equal-height-no e-con e-parent\" data-id=\"f5df9cb\" data-element_type=\"container\" data-e-type=\"container\" data-settings=\"{&quot;background_background&quot;:&quot;classic&quot;}\">\n\t\t\t\t\t<div class=\"e-con-inner\">\n\t\t\t\t<div class=\"elementor-element elementor-element-0af6266 elementor-widget elementor-widget-spacer\" data-id=\"0af6266\" data-element_type=\"widget\" data-e-type=\"widget\" data-widget_type=\"spacer.default\">\n\t\t\t\t<div class=\"elementor-widget-container\">\n\t\t\t\t\t\t\t<div class=\"elementor-spacer\">\n\t\t\t<div class=\"elementor-spacer-inner\"><\/div>\n\t\t<\/div>\n\t\t\t\t\t\t<\/div>\n\t\t\t\t<\/div>\n\t\t\t\t\t<\/div>\n\t\t\t\t<\/div>\n\t\t<div class=\"elementor-element elementor-element-f7a7d12 e-flex e-con-boxed wpr-particle-no wpr-jarallax-no wpr-parallax-no wpr-sticky-section-no wpr-equal-height-no e-con e-parent\" data-id=\"f7a7d12\" data-element_type=\"container\" data-e-type=\"container\">\n\t\t\t\t\t<div class=\"e-con-inner\">\n\t\t<div class=\"elementor-element elementor-element-2ea611a e-con-full e-flex wpr-particle-no wpr-jarallax-no wpr-parallax-no wpr-sticky-section-no wpr-equal-height-no e-con e-child\" data-id=\"2ea611a\" data-element_type=\"container\" data-e-type=\"container\">\n\t\t\t\t<div class=\"elementor-element elementor-element-20bf4b2 elementor-widget elementor-widget-image\" data-id=\"20bf4b2\" data-element_type=\"widget\" data-e-type=\"widget\" data-widget_type=\"image.default\">\n\t\t\t\t<div class=\"elementor-widget-container\">\n\t\t\t\t\t\t\t\t\t\t\t\t\t\t\t<img decoding=\"async\" width=\"768\" height=\"1024\" src=\"https:\/\/lautreentravers.fr\/wp-content\/uploads\/2023\/10\/High-Kick-3-768x1024.jpg\" class=\"attachment-large size-large wp-image-1235\" alt=\"\" srcset=\"https:\/\/lautreentravers.fr\/wp-content\/uploads\/2023\/10\/High-Kick-3-768x1024.jpg 768w, https:\/\/lautreentravers.fr\/wp-content\/uploads\/2023\/10\/High-Kick-3-225x300.jpg 225w, https:\/\/lautreentravers.fr\/wp-content\/uploads\/2023\/10\/High-Kick-3-1152x1536.jpg 1152w, https:\/\/lautreentravers.fr\/wp-content\/uploads\/2023\/10\/High-Kick-3.jpg 1200w\" sizes=\"(max-width: 768px) 100vw, 768px\" \/>\t\t\t\t\t\t\t\t\t\t\t\t\t\t\t<\/div>\n\t\t\t\t<\/div>\n\t\t\t\t<\/div>\n\t\t<div class=\"elementor-element elementor-element-a6709bc e-con-full e-flex wpr-particle-no wpr-jarallax-no wpr-parallax-no wpr-sticky-section-no wpr-equal-height-no e-con e-child\" data-id=\"a6709bc\" data-element_type=\"container\" data-e-type=\"container\">\n\t\t\t\t<div class=\"elementor-element elementor-element-2a30d89 elementor-widget elementor-widget-image\" data-id=\"2a30d89\" data-element_type=\"widget\" data-e-type=\"widget\" data-widget_type=\"image.default\">\n\t\t\t\t<div class=\"elementor-widget-container\">\n\t\t\t\t\t\t\t\t\t\t\t\t\t\t\t<img decoding=\"async\" width=\"678\" height=\"1024\" src=\"https:\/\/lautreentravers.fr\/wp-content\/uploads\/2023\/10\/High-Kick-1-Stephanie-Querite-678x1024.jpg\" class=\"attachment-large size-large wp-image-1237\" alt=\"\" srcset=\"https:\/\/lautreentravers.fr\/wp-content\/uploads\/2023\/10\/High-Kick-1-Stephanie-Querite-678x1024.jpg 678w, https:\/\/lautreentravers.fr\/wp-content\/uploads\/2023\/10\/High-Kick-1-Stephanie-Querite-199x300.jpg 199w, https:\/\/lautreentravers.fr\/wp-content\/uploads\/2023\/10\/High-Kick-1-Stephanie-Querite-768x1159.jpg 768w, https:\/\/lautreentravers.fr\/wp-content\/uploads\/2023\/10\/High-Kick-1-Stephanie-Querite-1018x1536.jpg 1018w, https:\/\/lautreentravers.fr\/wp-content\/uploads\/2023\/10\/High-Kick-1-Stephanie-Querite.jpg 1272w\" sizes=\"(max-width: 678px) 100vw, 678px\" \/>\t\t\t\t\t\t\t\t\t\t\t\t\t\t\t<\/div>\n\t\t\t\t<\/div>\n\t\t\t\t<\/div>\n\t\t\t\t\t<\/div>\n\t\t\t\t<\/div>\n\t\t\t\t<\/div>\n\t\t","protected":false},"excerpt":{"rendered":"<p>\u00c7a te prend.\u00c7a te prend par le ventre c\u2019est une porte.\u00c7a entre par l\u00e0 \u00e7a te prend les visc\u00e8res \u00e7a lestord.\u00c7a te prend tu n\u2019y peux rien tu laisses fairec\u2019est ouvert. C\u2019est pas d\u2019ma faute. Tu te d\u00e9files et de ces fils tu \u00e9cris des mots,des mots d\u2019excuse l\u2019air de rien.\u00c7a ne cr\u00e9e aucun verrou juste un courantd\u2019air \u00e7a attise les feux. Tu le dis, j\u2019y peux rien et tu t\u2019endorsdans le creux d\u2019un incendie\u00e0 l\u2019abri des sir\u00e8nes. C\u2019est pas d\u2019ma faute.C\u2019est un long corridor. Tu ne te sens pas responsable, tu subis lafoudre. Tu comptes les secondes qu\u2019il te reste.Il est \u00e9crit quelque part qu\u2019il n\u2019y a plus rien \u00e0faire. Alors tu ne fais plus rien,tu laisses la peur s\u2019engouffrer,tu laisses la peur se r\u00e9pandre. Qu\u2019est ce qui serait plus fort que la peur ?Qu\u2019est ce qui serait plus fort que la peur ? La causealors parle,parle \u00e0 l\u2019un parle \u00e0 l\u2019autre rassemble.Cr\u00e9e cette masse ardente de voix prises une\u00e0 une,un rugissement,\u00e7a cogne. Tu ne te d\u00e9files plus, tu prends corps,avec l\u2019autre te d\u00e9battre.\u00c7a cr\u00e9e des renforts,\u00e7a cr\u00e9e des impacts.C\u2019est une d\u00e9marche. Entends-tu les pas de celles qui s\u2019avancentcontre ? Entends-tu les pas de ceux qui s\u2019avancentcontre ? \u00c7a r\u00e9sonne vibre,\u00e7a d\u00e9place les murs et renforce les d\u00e9fenses. L\u2019autre n\u2019est plusen travers.L\u2019autre est plusieurscomme un revers,de la main contre,ceux qui de leur lois contre,ceux qui de leur logique comptent.Nousqui sommesune + un + une + un,de travers \u00e0 leurs yeux,en travers de leur route Une arm\u00e9e de mots mis en acte.High kick dans ta face, la peur.<\/p>\n","protected":false},"author":1,"featured_media":0,"parent":0,"menu_order":0,"comment_status":"closed","ping_status":"closed","template":"","meta":{"footnotes":""},"class_list":["post-1223","page","type-page","status-publish","hentry"],"_links":{"self":[{"href":"https:\/\/lautreentravers.fr\/index.php\/wp-json\/wp\/v2\/pages\/1223","targetHints":{"allow":["GET"]}}],"collection":[{"href":"https:\/\/lautreentravers.fr\/index.php\/wp-json\/wp\/v2\/pages"}],"about":[{"href":"https:\/\/lautreentravers.fr\/index.php\/wp-json\/wp\/v2\/types\/page"}],"author":[{"embeddable":true,"href":"https:\/\/lautreentravers.fr\/index.php\/wp-json\/wp\/v2\/users\/1"}],"replies":[{"embeddable":true,"href":"https:\/\/lautreentravers.fr\/index.php\/wp-json\/wp\/v2\/comments?post=1223"}],"version-history":[{"count":34,"href":"https:\/\/lautreentravers.fr\/index.php\/wp-json\/wp\/v2\/pages\/1223\/revisions"}],"predecessor-version":[{"id":1813,"href":"https:\/\/lautreentravers.fr\/index.php\/wp-json\/wp\/v2\/pages\/1223\/revisions\/1813"}],"wp:attachment":[{"href":"https:\/\/lautreentravers.fr\/index.php\/wp-json\/wp\/v2\/media?parent=1223"}],"curies":[{"name":"wp","href":"https:\/\/api.w.org\/{rel}","templated":true}]}}